t the prime factors of (4*5)/(-2 + k).
2, 5
Let w = -550 - -963. List the prime factors of w.
7, 59
Let m be 80/32 + (-2)/(-4). Suppose 0 = 2*w - 5*s - 197, 502 = 4*w + w - m*s. What are the prime factors of w?
101
Suppose -2*x + 1326 = -5*k, -5*k + 2 = -4*k. What are the prime factors of x?
2, 167
Let w = 6 - 4. Suppose 2*y - 9 = -4*h + 3*y, 0 = -2*h + w*y + 12. Let l(d) = 40*d + 1. List the prime factors of l(h).
41
Let t(s) = 82*s**2 - 36*s - 158. What are the prime factors of t(-4)?
2, 11, 59
Let k(j) = j**3 + 27*j**2 - 36*j + 4. What are the prime factors of k(-28)?
2, 3, 19
Let l(n) = 21*n**2 + 6*n + 6. Suppose -1 - 3 = 2*j. What are the prime factors of l(j)?
2, 3, 13
Let y(j) = j**2 - 11*j + 3. Let a be y(11). Suppose -a*z = -0*z - 12. Suppose m = z*m - 33. What are the prime factors of m?
11
What are the prime factors of 581372/219*3/4?
11, 181
Suppose -13*i + 926 = 172. List the prime factors of (-12)/(-8)*i*2.
2, 3, 29
Suppose -5*c + 3970 = y + 208, 5*y - 3*c - 18698 = 0. List the prime factors of y.
2, 1871
Suppose 4 = 2*p - 10. Suppose -3*y + 370 = 4*b, 5*y - 570 = -2*b + p*b. What are the prime factors of y?
2, 59
Suppose -23644 = -40*z + 5396. List the prime factors of z.
2, 3, 11
Let y(r) = r**2 - 2*r + 3. Let g = 9 - 5. Let k be (-33)/(-9) + g/(-6). List the prime factors of y(k).
2, 3
Suppose 3*j - 17 = 1. Let s be 13 + 3/j*-4. Let b = s + 15. List the prime factors of b.
2, 13
Suppose -8*u + 739 + 1613 = 0. List the prime factors of u.
2, 3, 7
Suppose 125*w = 128*w - 1443. What are the prime factors of w?
13, 37
Let z be ((-2)/(-10))/((-3)/(-15)) - 3. What are the prime factors of (-338)/5*-1*(-5)/z?
13
Suppose 2*k - 4*j = 2896, 0 = -3*k - 53*j + 51*j + 4360. List the prime factors of k.
2, 3, 11
Let f = -263 + 274. List the prime factors of f.
11
Let f(c) = -c**3 + 10*c**2 - 10*c + 18. Let b be f(9). Suppose -10*s + b*s = -30. What are the prime factors of s?
2, 3, 5
Suppose -4*s + 0*v = -4*v - 744, 0 = s + 3*v - 206. What are the prime factors of s?
191
Suppose -5*r - 5 = -0, 0 = 2*i - 2*r + 218. Let k = i - -234. What are the prime factors of k?
2, 31
Let g = 21 - 16. Suppose -2*z - 4*v - 266 = -g*z, -5*v = 3*z - 302. What are the prime factors of z?
2, 47
Let m(k) = k**2 - 5*k + 13. Let a be m(3). Suppose y + a*c - 2*c - 32 = 0, 3*y + c = 166. What are the prime factors of y?
3, 19
Suppose -c + 161 = -3*p, -3*c + 5*p - 712 = -7*c. What are the prime factors of c?
173
Let j be (1/5)/(3/15). Let u be -21 + (4 - (j - 1)). Let y(k) = k**2 + 16*k + 3. List the prime factors of y(u).
2, 5
Let u(o) be the second derivative of o**5/20 - o**4/2 - o**3/2 - o**2/2 + 2*o. List the prime factors of u(7).
3
Let f(d) = -8*d**3 + 5*d**2 + 5*d - 2. Let s be f(-4). What are the prime factors of ((-24)/(-40))/((-2 - -4)/s)?
3, 19
Let b(w) = -w**3 - 6*w**2 - 2*w + 8. Let g be b(-6). Suppose -4*m = c - 88 - 59, -3*c = -2*m + 77. List the prime factors of (m - -1)/(g/10).
19
Suppose 239 = 4*u + h, 0 = -4*u - 5*h - 107 + 326. Suppose u = -z + 4*z - 5*x, 2*z = -5*x - 1. List the prime factors of z.
2, 3
Let k be ((-6)/(-18))/((-2)/(-102)). Let s = 18 - k. What are the prime factors of s/4 + (-924)/(-16)?
2, 29
List the prime factors of -1 + 1774/3 + (-4)/(-6).
3, 197
Let i be (1 + (-20)/12)*18/(-3). Suppose -665 = -i*f - f. List the prime factors of f.
7, 19
Let b(h) be the third derivative of -h**6/120 - h**5/20 + h**4/6 - 5*h**3/6 - h**2. Let c be -5 - 0*(-4)/16. List the prime factors of b(c).
5
Suppose 1152 = 12*y - 0*y. What are the prime factors of y?
2, 3
Let t(i) = -i**3 - 8*i**2 - 7*i + 1. Let x be t(-7). Let l be (-18)/(-1) + x + 1. Let v = 38 - l. What are the prime factors of v?
2, 3
Suppose 23*x - 32*x = -15165. What are the prime factors of x?
5, 337
Let h = 117 - 102. Let t(f) = f. Let s be t(1). Let j = h + s. List the prime factors of j.
2
Suppose -28*v - 10659 = -39*v. List the prime factors of v.
3, 17, 19
Let a(y) = 75*y + 136. List the prime factors of a(17).
17, 83
Suppose a - 5*g + 61 = -42, -4*a - 302 = 2*g. Let b = -46 - a. List the prime factors of b.
2
Let x be (-64)/(-6)*(-198)/44. Suppose -162 = 2*p - 0*p. Let s = x - p. What are the prime factors of s?
3, 11
Suppose -8*p + 5*p = -14457. What are the prime factors of p?
61, 79
Suppose -2*g - 5 = -29. Let a = g - -32. What are the prime factors of a?
2, 11
Suppose -3*x = 6, -2538 = -5*b + 4*x + 1515. List the prime factors of b.
809
Let w be (2 - 2)*12/24. Suppose w = 2*m + 4*i - 138, 2 = i - 3*i. List the prime factors of m.
71
List the prime factors of ((-71)/(-2) + 2)*(-616)/(-55).
2, 3, 5, 7
Let n be -2 + 1/(-3)*0. What are the prime factors of 3/((-3)/n) + 66?
2, 17
Suppose 18 = 2*x - 6. Let p = x + -11. What are the prime factors of 51/6 - p/(-2)?
3
Let t(j) = -14*j - 41. Let w be t(-19). Suppose 0 = -5*n - w + 725. What are the prime factors of n?
2, 5
Let m = -119 + 133. Let l(w) be the third derivative of w**4/24 + 7*w**3/3 + w**2. List the prime factors of l(m).
2, 7
Let d(x) = -7*x**2 + 20*x + 62. Let n(p) = -6*p**2 + 18*p + 63. Let a(u) = -5*d(u) + 6*n(u). What are the prime factors of a(11)?
5, 7
Suppose 0 = 5*p - 135 + 30. Suppose -5*m = -p - 4. Suppose 2*j = 3*y + 167 + 9, -5*j + m*y + 430 = 0. What are the prime factors of j?
2, 41
What are the prime factors of (1*-2)/((-96)/13008)?
271
Let r be ((-30)/(-25))/((-1)/(-5)). Suppose 0 = r*i - 0*i - 510. List the prime factors of i.
5, 17
Suppose k - 16 = -k + 2*i, -3*k - i + 8 = 0. Suppose -k*q + 16 = 200. Let g = -10 - q. What are the prime factors of g?
2, 3
Suppose -2*b = -5*u + 11 + 18, -u - 1 = 3*b. Let v be (62 - u)*(-2)/6. What are the prime factors of (v/2)/((-1)/2)?
19
Suppose -4 = -5*f - 4*s, -f + s = 2*s. Suppose h + 225 = f*h. List the prime factors of h.
3, 5
Let n be 4 + (-13)/3 + (-602)/(-6). Let u = 157 - n. List the prime factors of u.
3, 19
Let d = -56 - -59. Suppose 2*j = -d*j + 920. What are the prime factors of j?
2, 23
Let l = 14 - 0. Let a = l - -11. What are the prime factors of (27/5)/(5/a)?
3
Let o(u) = 14*u + 74. What are the prime factors of o(-3)?
2
Suppose -49*y = -53*y - 12. What are the prime factors of 136/(-12)*-15 - y?
173
Suppose 0 = 3*a - a + 10. List the prime factors of 44/10 + 18/(-150)*a.
5
Let m(d) be the third derivative of -d**6/120 + 3*d**5/10 - 7*d**4/24 + 5*d**3/6 + 12*d**2. List the prime factors of m(17).
5, 7
Let c(j) = -7*j + 9. Let w be c(-4). List the prime factors of ((-68)/17)/((-2)/w).
2, 37
Suppose 0 = -w - 3, -5*w - 919 = -2*s + 30. What are the prime factors of s?
467
Suppose -14646 = -14*w - 1794. List the prime factors of w.
2, 3, 17
Let f(q) = q**3 - 4*q**2 + q. Let k be f(4). Let y = -22 - k. List the prime factors of y/(1 + -2 - 0).
2, 13
Let d be (2 - (-1 + 4))/1. What are the prime factors of d/(-1) + 52 + (-2)/2?
2, 13
Suppose 35 = 6*q + q. Suppose 192 = -q*s + 6*s. List the prime factors of s.
2, 3
Let n(y) = 11*y**3 - 2*y**2 + y. Let w be n(1). Suppose 61 = w*r - 9*r. What are the prime factors of r?
61
Let h be 9/4 - 3/(-4). Suppose 0 = -h*o - 2*o. Suppose 2*s + 2 = o, -2*k + 3*k + 3*s - 7 = 0. What are the prime factors of k?
2, 5
Let p = 4 - -1. Suppose 0 = p*o + 6*c - c - 165, 0 = o - 3*c - 45. Suppose 2*x - 177 + o = 3*u, -3*x + 3*u + 219 = 0. What are the prime factors of x?
2, 3, 13
Let n = 701 - 203. What are the prime factors of n?
2, 3, 83
Let m be 2/(-4) + 2 + (-46)/(-4). What are the prime factors of 110 + 2 + -1 + -11 + m?
113
Let k(t) = t**3 - 8*t**2 + 9*t. Suppose 2*c + 5*z = -55, c + z = 6*c + 151. Let s be 2/3 + (-190)/c. List the prime factors of k(s).
2, 7
Suppose 0 = 5*v - 0*v - 15. Suppose -n = v*n. Suppose 96 = 3*c + 3*d, -c - 2*c - 4*d + 96 = n. What are the prime factors of c?
2
Let y(n) = n**3 - 13*n**2 + 15*n - 13. Let i be y(12). Let j = -19 + i. What are the prime factors of j?
2
Let h = 468 - 72. What are the prime factors of h?
2, 3, 11
Let t be (12/(-9))/(16/(-36)). Suppose -t*k - 225 = -8*k. Let c = k + -3. What are the prime factors of c?
2, 3, 7
Let w(o) = o**3 + 7*o**2 + 6*o + 3. Let u be w(-6). Suppose -u*c + 4 = -2*c. Suppose -y + 175 = 5*q, -y = c*y. List the prime factors of q.
5, 7
Let z = 8 + -8. Suppose 3*w - w - 86 = z. What are the prime factors of w + (-9)/((-36)/(-16))?
3, 13
Let o = 26